ple of 42?
True
Is 18094059 a multiple of 9?
True
Is 32 a factor of 94869574?
False
Is 13 a factor of 21206307?
False
Does 393 divide 57453849?
True
Is 3209 a factor of 474450259?
False
Is 22421406 a multiple of 38?
True
Is 219 a factor of 15508923?
True
Is 8877527 a multiple of 237?
False
Is 145 a factor of 25361805?
True
Does 166 divide 1576834?
True
Does 109 divide 1634246592?
True
Is 63163524 a multiple of 3702?
True
Is 2 a factor of 68806811?
False
Does 301 divide 19063936?
False
Does 43 divide 75127359?
False
Does 348 divide 1022171700?
True
Is 13955826 a multiple of 41?
True
Is 36256452 a multiple of 159?
True
Is 203752074 a multiple of 27?
False
Is 160045087 a multiple of 114?
False
Is 34 a factor of 47632064?
False
Is 20213830 a multiple of 130?
True
Does 19 divide 703397974?
True
Does 52 divide 648122526?
False
Is 10313982 a multiple of 81?
False
Is 822041472 a multiple of 28?
True
Does 26 divide 3182916?
False
Is 35688 a multiple of 24?
True
Is 1214 a factor of 666812780?
False
Is 1834 a factor of 44502241?
False
Is 1661067222 a multiple of 69?
True
Is 33790670 a multiple of 54?
False
Is 90 a factor of 88890480?
True
Is 1918 a factor of 25538170?
True
Is 18 a factor of 61043580?
True
Is 17309904 a multiple of 6?
True
Is 351 a factor of 805012607?
False
Is 75 a factor of 2440725?
True
Does 42 divide 9977394?
True
Is 290808344 a multiple of 17?
False
Is 58869252 a multiple of 234?
True
Is 177155885 a multiple of 13?
False
Is 371 a factor of 333198068?
True
Does 13 divide 2844840256?
False
Does 599 divide 281166407?
True
Is 20361920 a multiple of 320?
True
Is 32 a factor of 179353581?
False
Does 84 divide 629496?
True
Is 1452298 a multiple of 17?
False
Is 3354810046 a multiple of 4453?
True
Does 12 divide 80645604?
True
Is 1573 a factor of 18306574?
True
Does 811 divide 28992900?
False
Is 8629102 a multiple of 19?
False
Does 35 divide 3408817995?
False
Is 13 a factor of 1527451172?
True
Is 14927004 a multiple of 2916?
True
Is 2428161 a multiple of 2?
False
Is 1463 a factor of 707776500?
False
Does 27 divide 1564759824?
False
Is 13 a factor of 31389906?
False
Is 636 a factor of 28819129?
False
Is 118666768 a multiple of 19?
False
Is 301 a factor of 604689134?
True
Is 140 a factor of 141963080?
True
Is 58615872 a multiple of 84?
True
Does 372 divide 1091111684?
False
Does 195 divide 28284545?
False
Does 762 divide 13491310?
False
Is 56915664 a multiple of 78?
True
Does 686 divide 17125578?
False
Is 54117855 a multiple of 3313?
True
Is 448 a factor of 563158400?
True
Is 503 a factor of 175928777?
True
Is 118909880 a multiple of 22?
False
Is 60678153 a multiple of 801?
True
Is 950214514 a multiple of 94?
False
Is 24 a factor of 1480672511?
False
Is 21938091 a multiple of 541?
True
Does 1572 divide 251289219?
False
Is 175 a factor of 81610922?
False
Is 2299814 a multiple of 170?
False
Does 656 divide 92073536?
True
Is 1348503840 a multiple of 8152?
True
Is 3711136 a multiple of 3?
False
Is 82 a factor of 329346223?
False
Is 73132947 a multiple of 9?
True
Does 282 divide 63642324?
True
Does 2 divide 3498796?
True
Does 5213 divide 1912639066?
False
Is 3854765 a multiple of 54?
False
Is 1457367626 a multiple of 13?
True
Is 308047601 a multiple of 518?
False
Does 5169 divide 416064584?
False
Is 218 a factor of 376855074?
True
Does 2 divide 44687323?
False
Does 1790 divide 279662440?
True
Is 107584320 a multiple of 4?
True
Does 17 divide 6814005?
False
Does 217 divide 4324810?
True
Does 6 divide 29552251?
False
Is 62086788 even?
True
Is 625 a factor of 4123060?
False
Does 343 divide 2524216836?
False
Does 31 divide 538354392?
False
Is 4342 a factor of 5755998352?
True
Does 22 divide 4182178?
True
Does 22 divide 247759908?
True
Does 13 divide 402642922?
False
Is 2577087628 a multiple of 7346?
False
Is 48735367 a multiple of 128?
False
Does 10 divide 57871230?
True
Is 30 a factor of 555850170?
True
Is 17487637 a multiple of 20?
False
Is 8421 a factor of 3613518468?
True
Does 459 divide 30432589?
False
Is 18607945 a multiple of 10?
False
Is 27310751 a multiple of 33?
False
Does 141 divide 812609649?
True
Is 14258012 even?
True
Does 1012 divide 16011864?
True
Does 224 divide 179433856?
True
Does 55 divide 23949768?
False
Does 139 divide 21084047?
False
Does 1521 divide 68827549?
False
Is 9 a factor of 25821963?
True
Is 38664240 a multiple of 19?
True
Is 23497746 a multiple of 1294?
True
Is 282320463 a multiple of 214?
False
Does 13 divide 8032674?
True
Is 16 a factor of 2649021?
False
Is 99356607 a multiple of 22?
False
Does 54 divide 6805203?
False
Does 1011 divide 65814078?
True
Is 10300140 a multiple of 18?
True
Is 5434117 a multiple of 75?
False
Does 8 divide 2785422?
False
Does 5 divide 1735701805?
True
Does 387 divide 471814920?
True
Does 61 divide 3170658?
True
Does 183 divide 3988119?
True
Is 30430332 a multiple of 18?
True
Is 11 a factor of 132683752?
False
Is 204957549 a multiple of 2571?
True
Is 3767 a factor of 115843514?
False
Is 1883 a factor of 107214254?
True
Is 2 a factor of 1901259?
False
Is 42 a factor of 53841293?
False
Does 48 divide 49512960?
True
Is 377215734 a multiple of 1546?
False
Is 146 a factor of 4924910?
False
Does 2339 divide 525045013?
False
Is 3 a factor of 13455074?
False
Is 1833488775 a multiple of 88?
False
Does 60 divide 201137460?
True
Is 91 a factor of 43859907?
True
Is 2954403 even?
False
Is 1114 a factor of 565739330?
True
Is 108 a factor of 710988793?
False
Is 99 a factor of 56667204?
True
Is 13987629 a multiple of 1179?
False
Is 1952626347 a multiple of 61?
False
Is 221 a factor of 38951913?
True
Does 10 divide 62746120?
True
Is 70 a factor of 7899150?
True
Does 3 divide 395529428?
False
Is 5 a factor of 14581290?
True
Is 3 a factor of 23969855?
False
Does 18 divide 1939477464?
True
Is 1982905445 a multiple of 2399?
True
Is 40 a factor of 75823875?
False
Does 48 divide 546888912?
True
Does 199 divide 7317619?
False
Is 8237811 a multiple of 1342?
False
Is 1901154 even?
True
Is 15 a factor of 169744455?
True
Is 662 a factor of 134371436?
True
Is 189892955 a multiple of 293?
False
Does 26 divide 522522?
True
Does 2 divide 4978329?
False
Is 26 a factor of 549875066?
True
Does 697 divide 93839284?
False
Does 841 divide 1684836055?
False
Is 2092 a factor of 223975796?
True
Is 237 a factor of 25251743?
False
Does 28 divide 79926074?
False
Does 105 divide 23094435?
True
Is 169 a factor of 9223513?
True
Is 4683426 a multiple of 33?
True
Does 6 divide 55493895?
False
Is 803091834 a multiple of 2302?
True
Does 155 divide 55103120?
True
Is 235851105 a multiple of 105?
True
Is 6 a factor of 87902326?
False
Is 51347254 a multiple of 170?
False
Does 314 divide 176549807?
False
Is 62 a factor of 146242748?
True
Is 1690795296 a multiple of 324?
True
Is 2491 a factor of 2065039?
True
Is 8 a factor of 945046128?
True
Is 6924148 a multiple of 22?
True
Is 14686621 a multiple of 30?
False
Does 1083 divide 21745892?
False
Does 7 divide 94121734?
True
Does 727 divide 3587018?
True
Is 14809072 a multiple of 146?
True
Is 12 a factor of 121345512?
True
Is 100 a factor of 147183400?
True
Is 743 a factor of 711772453?
True
Is 1059496180 a multiple of 51?
False
Is 34165831 even?
False
Is 3504111 a multiple of 39?
True
Is 83 a factor of 33690032?
True
Is 400 a factor of 90444800?
True
Is 86546230 a multiple of 14?
False
Is 5 a factor of 242025?
True
Is 104485072 a multiple of 428?
True
Is 582 a factor of 17245242?
True
Is 131966613 a multiple of 29?
False
Does 91 divide 68165188?
True
Does 79 divide 558122789?
False
Is 9290672 a multiple of 37?
False
Is 36502735 a multiple of 29?
True
Does 26 divide 17486068?
False
Is 51901088 a multiple of 2677?
False
Is 123554434 a multiple of 2619?
False
Does 728 divide 181728628?
False
Is 345 a factor of 62582655?
True
Is 31885542 a multiple of 26?
True
Is 513 a factor of 67755297?
False
Is 62706947 a multiple of 23?
True
Does 95 divide 10477525?
False
Does 15 divide 20006521?
False
Does 571 divide 749480325?
True
Is 2 a factor of 1353472?
True
Is 497680 a multiple of 8?
True
Is 752007743 a multiple of 1879?
True
Is 191 a factor of 8779783?
False
Does 2063 divide 67841773?
False
Is 157902432 a multiple of 2?
True
Is 4049815 a multiple of 2345?
True
Is 740 a factor of 5058035?
False
Is 22 a fact